ulate the remainder when 330432 is divided by 165114.
204
What is the remainder when 1422415 is divided by 20034?
1
Calculate the remainder when 1409124917 is divided by 9905.
9902
What is the remainder when 6782337 is divided by 1531?
7
What is the remainder when 8061835 is divided by 490?
355
What is the remainder when 563324 is divided by 293?
178
What is the remainder when 7309778 is divided by 1259?
24
What is the remainder when 32138688 is divided by 13?
10
Calculate the remainder when 1243135 is divided by 359.
277
Calculate the remainder when 38891824 is divided by 217.
216
Calculate the remainder when 4993216 is divided by 102.
10
Calculate the remainder when 1909900 is divided by 381977.
15
Calculate the remainder when 1371103920 is divided by 139.
136
Calculate the remainder when 3142575 is divided by 221.
176
What is the remainder when 725628 is divided by 1602?
1524
What is the remainder when 1408028 is divided by 1431?
1355
Calculate the remainder when 5176740 is divided by 322.
268
What is the remainder when 24367 is divided by 4594?
1397
What is the remainder when 40061 is divided by 39890?
171
Calculate the remainder when 699331 is divided by 349212.
907
Calculate the remainder when 860034 is divided by 5443.
40
Calculate the remainder when 1985957 is divided by 246.
245
What is the remainder when 397011 is divided by 121?
10
What is the remainder when 903693 is divided by 755?
713
What is the remainder when 3778661 is divided by 878?
627
What is the remainder when 59911 is divided by 5900?
911
What is the remainder when 2296193 is divided by 913?
911
What is the remainder when 947983 is divided by 94?
87
What is the remainder when 35865 is divided by 5411?
3399
What is the remainder when 248967220 is divided by 117?
112
Calculate the remainder when 74855 is divided by 1134.
11
What is the remainder when 77857 is divided by 3384?
25
Calculate the remainder when 60068 is divided by 29997.
74
What is the remainder when 14267334 is divided by 14267270?
64
Calculate the remainder when 41042 is divided by 13364.
950
What is the remainder when 5210162 is divided by 290?
22
What is the remainder when 19888 is divided by 2583?
1807
What is the remainder when 249540 is divided by 285?
165
What is the remainder when 617131 is divided by 202928?
8347
Calculate the remainder when 25798378 is divided by 15.
13
Calculate the remainder when 1137155 is divided by 162443.
54
Calculate the remainder when 121810797 is divided by 400.
397
Calculate the remainder when 131877666 is divided by 539.
536
What is the remainder when 12799714 is divided by 480?
34
What is the remainder when 1064045086 is divided by 115?
111
What is the remainder when 24960671 is divided by 84?
71
Calculate the remainder when 211512 is divided by 1202.
1162
Calculate the remainder when 9932779 is divided by 1963.
1962
Calculate the remainder when 9300938 is divided by 582.
578
What is the remainder when 19261754 is divided by 10?
4
What is the remainder when 18682 is divided by 542?
254
What is the remainder when 489239 is divided by 23295?
44
Calculate the remainder when 451318 is divided by 2099.
33
Calculate the remainder when 23896 is divided by 175.
96
Calculate the remainder when 13112 is divided by 63.
8
What is the remainder when 3907230 is divided by 1188?
1086
What is the remainder when 35504 is divided by 11748?
260
Calculate the remainder when 25172707 is divided by 7.
0
Calculate the remainder when 80616 is divided by 702.
588
Calculate the remainder when 28602038 is divided by 21.
17
What is the remainder when 1675859 is divided by 186?
185
What is the remainder when 617088 is divided by 44077?
10
What is the remainder when 25222346 is divided by 1979?
1970
Calculate the remainder when 3885570 is divided by 369.
0
Calculate the remainder when 3498 is divided by 1602.
294
What is the remainder when 3241380 is divided by 1934?
1930
Calculate the remainder when 40769 is divided by 178.
7
Calculate the remainder when 2063165 is divided by 32.
29
What is the remainder when 84038 is divided by 9832?
5382
What is the remainder when 57107 is divided by 1269?
2
Calculate the remainder when 359334 is divided by 520.
14
What is the remainder when 86342620 is divided by 1?
0
What is the remainder when 2367478 is divided by 394579?
4
Calculate the remainder when 701574 is divided by 824.
350
What is the remainder when 24417 is divided by 153?
90
What is the remainder when 83782 is divided by 11667?
2113
What is the remainder when 314485197 is divided by 1332?
1329
What is the remainder when 12446641 is divided by 873?
280
Calculate the remainder when 25478482 is divided by 103.
93
Calculate the remainder when 5355161 is divided by 19.
11
Calculate the remainder when 1369710 is divided by 34242.
30
What is the remainder when 3169743 is divided by 1584854?
35
What is the remainder when 99016188 is divided by 371?
369
Calculate the remainder when 2886696 is divided by 180418.
8
What is the remainder when 9436121 is divided by 449334?
107
Calculate the remainder when 790660 is divided by 29.
4
Calculate the remainder when 19252 is divided by 8094.
3064
What is the remainder when 6124176 is divided by 3062084?
8
What is the remainder when 6676 is divided by 1652?
68
What is the remainder when 3443670 is divided by 104350?
120
Calculate the remainder when 338767 is divided by 360.
7
Calculate the remainder when 218935 is divided by 109441.
53
Calculate the remainder when 461017 is divided by 181.
10
What is the remainder when 325981749 is divided by 43?
39
What is the remainder when 39248 is divided by 170?
148
Calculate the remainder when 313673317 is divided by 2428.
2425
Calculate the remainder when 1865638 is divided by 93276.
118
What is the remainder when 32748685 is divided by 7090?
7065
Calculate the remainder when 72778 is divided by 78.
4
What is the remainder when 1490956 is divided by 1752?
4
What is the remainder when 19026691 is divided by 1463563?
372
What is the remainder when 1178023 is divided by 110?
33
What is the remainder when 77677 is divided by 19415?
17
What is the remainder when 2878388 is divided by 1038?
14
Calculate the remainder when 640611 is divided by 274.
273
What is the remainder when 168799559 is divided by 370?
9
What is the remainder when 243973 is divided by 81321?
10
Calculate the remainder when 26239487 is divided by 57.
50
What is the remainder when 9439994 is divided by 177?
53
Calculate the remainder when 2309816 is divided by 417.
53
Calculate the remainder when 852116 is divided by 65537.
135
What is the remainder when 433975 is divided by 10572?
523
Calculate the remainder when 17448 is divided by 2466.
186
Calculate the remainder when 1653709 is divided by 1369.
1326
Calculate the remainder when 1511673 is divided by 658.
247
What is the remainder when 74809 is divided by 2414?
2389
What is the remainder when 4402416 is divided by 231704?
40
Calculate the remainder when 499910 is divided by 499896.
14
Calculate the remainder when 31029 is divided by 3277.
1536
What is the remainder when 1187709 is divided by 362?
349
What is the remainder when 35896163 is divided by 30?
23
Calculate the remainder when 15665 is divided by 3321.
2381
What is the remainder when 89171672 is divided by 12?
8
Calculate the remainder when 2244800 is divided by 113.
55
What is the remainder when 13649477 is divided by 25?
2
Calculate the remainder when 125992184 is divided by 125992180.
4
Calculate the remainder when 488845 is divided by 3201.
2293
What is the remainder when 194256 is divided by 7105?
2421
What is the remainder when 115613 is divided by 14366?
685
Calculate the remainder when 3149689 is divided by 139.
88
Calculate the remainder when 5954944 is divided by 103.
102
Calculate the remainder when 28783146 is divided by 14391572.
2
Calculate the remainder when 457108198 is divided by 450.
448
What is the remainder when 78059190 is divided by 7324?
7322
What is the remainder when 58141 is divided by 28967?
207
What is the remainder when 40094594 is divided by 396?
386
What is the remainder when 151852 is divided by 215?
62
What is the remainder when 58941903 is divided by 4468?
47
Calculate the remainder when 679683730 is divided by 697.
